is -3 - -244?
241
In base 5, what is 1021 + 10?
1031
In base 13, what is b6 + 2?
b8
In base 4, what is -10221221 - 0?
-10221221
In base 9, what is 5 + 171?
176
In base 4, what is 111 + 1?
112
In base 4, what is -3112022 - 10?
-3112032
In base 2, what is 111101011 - -11?
111101110
In base 6, what is 3 - 32513?
-32510
In base 15, what is -3d3 + -2?
-3d5
In base 5, what is 2 - 1143?
-1141
In base 4, what is 0 + 23?
23
In base 6, what is -5 - -442?
433
In base 14, what is -27 - 45?
-6c
In base 15, what is d - 57?
-49
In base 16, what is -2 + e4?
e2
In base 8, what is 65736 - -5?
65743
In base 14, what is 0 + 248?
248
In base 9, what is -4 - -165?
161
In base 7, what is -2 + -51?
-53
In base 14, what is -3 - 39?
-3c
In base 15, what is 11 - 41?
-30
In base 13, what is 4991 + 4?
4995
In base 10, what is 5 - -103?
108
In base 12, what is -2 - 2699?
-269b
In base 11, what is -2782 + -5?
-2787
In base 4, what is -32220 - -2?
-32212
In base 2, what is -1111 + -110?
-10101
In base 8, what is 1021 + 4?
1025
In base 4, what is -1023 + -12?
-1101
In base 6, what is 2 + -13523?
-13521
In base 14, what is -ac - 3?
-b1
In base 11, what is 0 - -3aa?
3aa
In base 3, what is 11 + -1100?
-1012
In base 3, what is 11012 + -20?
10222
In base 3, what is -201 - -21?
-110
In base 4, what is 1220 + 1?
1221
In base 6, what is -13 - 40?
-53
In base 5, what is 2 + -2333?
-2331
In base 10, what is 582 + -7?
575
In base 7, what is 36 + -5?
31
In base 9, what is 168 - 3?
165
In base 12, what is -34 + -5a?
-92
In base 16, what is 8 - 32?
-2a
In base 11, what is -641 - 5?
-646
In base 16, what is 2 - -202?
204
In base 3, what is 111 + 2?
120
In base 12, what is 1a86 - -2?
1a88
In base 2, what is 1010101 + 0?
1010101
In base 5, what is -30 - -23?
-2
In base 6, what is 2 + 454?
500
In base 2, what is -1110010011 + 100?
-1110001111
In base 6, what is 315 - -4?
323
In base 3, what is -2 + 1210220?
1210211
In base 6, what is -2121 + -5?
-2130
In base 13, what is 0 + 85?
85
In base 16, what is -81 - -f?
-72
In base 9, what is 5 + -8?
-3
In base 13, what is -3 + 10b?
108
In base 13, what is 5 + 1174?
1179
In base 2, what is 1101000 - -11111?
10000111
In base 13, what is 142b - -2?
1430
In base 12, what is -6b6 - 0?
-6b6
In base 16, what is -a - 3?
-d
In base 15, what is 9 + -c?
-3
In base 6, what is 13133 - -3?
13140
In base 7, what is 330 + 40?
400
In base 11, what is -5 - -1?
-4
In base 2, what is 11 + 110110?
111001
In base 3, what is 101012 + -110?
100202
In base 12, what is -a - 2546?
-2554
In base 7, what is -31 - -46?
15
In base 2, what is 100 + 10001100010?
10001100110
In base 5, what is 1134 - -4?
1143
In base 9, what is 5 + -14?
-8
In base 10, what is -1548 + -5?
-1553
In base 9, what is -38 + -7?
-46
In base 13, what is 5 + 1855?
185a
In base 9, what is -266 + -13?
-280
In base 2, what is 111101110111 + -100?
111101110011
In base 2, what is 10101110 - 100?
10101010
In base 6, what is 35101 - -4?
35105
In base 12, what is 3 - a5?
-a2
In base 14, what is 461 + -5?
45a
In base 2, what is -10111 + 10?
-10101
In base 10, what is -142 - 4?
-146
In base 6, what is 42 + 34?
120
In base 2, what is 1111 + -100111101?
-100101110
In base 8, what is -6 - -307?
301
In base 4, what is 113302 - 11?
113231
In base 15, what is 9 - 8?
1
In base 7, what is 4 + 116?
123
In base 4, what is 3 - 122212?
-122203
In base 7, what is 1 + -2002?
-2001
In base 13, what is 14 + 2b?
42
In base 2, what is 101011111000 + 101?
101011111101
In base 4, what is -303 + -2?
-311
In base 11, what is 4 + -4a3?
-49a
In base 13, what is 0 - -809?
809
In base 14, what is c8 - -9?
d3
In base 7, what is -24140 - 2?
-24142
In base 15, what is -1a - -1a?
0
In base 5, what is 22122 - -2?
22124
In base 4, what is 22002 + -10?
21332
In base 13, what is 14 - 13c?
-128
In base 12, what is 0 + 454?
454
In base 13, what is -b9 + 0?
-b9
In base 16, what is 7 - b3?
-ac
In base 9, what is 24 - 5?
18
In base 13, what is -106 + 4?
-102
In base 8, what is -4 - -117?
113
In base 11, what is -558 - 0?
-558
In base 16, what is 1b - 7?
14
In base 13, what is -204 + -4?
-208
In base 14, what is -4 - -3?
-1
In base 15, what is -31 + 186?
155
In base 14, what is 9 - -5?
10
In base 9, what is 411 - 5?
405
In base 7, what is 23 - 10?
13
In base 12, what is 0 - -20?
20
In base 13, what is -2 - -2b?
29
In base 11, what is -6 + 19?
13
In base 3, what is 11 - -2?
20
In base 12, what is 4290 + -3?
4289
In base 15, what is 4 + -5c?
-58
In base 5, what is -423 + -14?
-442
In base 4, what is -1 - 231?
-232
In base 8, what is -676 + -4?
-702
In base 11, what is -8 - 44?
-51
In base 9, what is 254 - -3?
257
In base 13, what is 19 + 3?
1c
In base 9, what is -1 - -1?
0
In base 9, what is 6 - 33?
-26
In base 10, what is -61 + 0?
-61
In base 12, what is 10 - 100?
-b0
In base 2, what is -1 + -10110?
-10111
In base 7, what is -2 - 221?
-223
In base 16, what is -20 - 3?
-23
In base 13, what is -2 + -731?
-733
In base 9, what is -5 - 36?
-42
In base 15, what is 22 - 3?
1e
In base 14, what is -1b + -134?
-151
In base 3, what is -221222 - -12?
-221210
In base 6, what is 52 - -5?
101
In base 14, what is c - -123?
131
In base 15, what is -5 - 32?
-37
In base 11, what is -2 + 31a?
318
In base 4, what is 23313 + -10?
23303
In base 5, what is 30144 + -2?
30142
In base 4, what is 1 - 303?
-302
In base 9, what is 27 - -207?
235
In base 5, what is 121034 + 10?
121044
In base 10, what is -12653 - 4?
-12657
In base 14, what is -2 - 2b?
-2d
In base 14, what is 17 - -a?
23
In base 9, what is 5103 + -4?
5088
In base 11, what is -2136 - 3?
-2139
In base 11, what is 1 + 80?
81
In base 6, what is 5 + 5132?
5141
In base 2, what is -111111100000 + -101?
-111111100101
In base 11, what is 119 - 1?
118
In base 8, what is 56 - 11?
45
In base 12, what is -6 + 1?
-5
In base 15, what is 45a - 5?
455
In base 8, what is -34 + 46?
12
In base 8, what is -1355 + -3?
-1360
In base 7, what is 4 - -30?
34
In base 2, what is 1011 + -10000100?
-1111001
In base 5, what is -4 + -213?
-222
In base 8, what is 3 + -47?
-44
In base 2, what is 1111 + -100011?
-10100
In base 8, what is 13 + 30?
43
In base 6, what is -2502 + -4?
-2510
In base 10, what is -3 + 36?
33
In base 15, what is -dc1 + -4?
-dc5
In base 2, what is -100100 + 11?
-100001
In base 9, what is 2855 + -3?
2852
In base 14, what is 3 - 6d?
-6a
In base 13, what is 110 + -6?
107
In base 2, what is -100110 - -1?
-100101
In base 11, what is 2 - -5?
7
In base 12, what is 5 + 8b?
94
In base 10, what is -1 - 3?
-4
In base 5, what is -1 - -100?
44
In base 6, what is -54 + 4?
-50
In base 12, what is 1 + -35?
-34
In base 10, what is -1 - -281?
280
In base 5, what is 11 - -233?
244
In base 15, what is c - -166?
173
In base 13, what is -1 + 195?
194
In base 14, what is 80 + -19?
65
In base 7, what is -16 - 4?
-23
In base 15, what is -e3 - -4?
-de
In base 16, what is -6 - 3?
-9
In base 9, what is 6 - -6?
13
In base 7, what is 1405 + -15?
1360
In base 7, what is -3 + -46?
-52
In base 2, what is 1101001001 + -100?
1101000101
In base 4, what is -11 + 102?
31
In base 16, what is -b - -ba4?
b99
In base 5, what is 1203 - -3?
1211
In base 7, what is -312 - 1?
-313
In base 13, what is 71 + 0?
71
In base 6, what is 2203 + 4?
2211
In base 7, what is 2 - -235?
240
In base 3, what is -2111102 - 1?
-2111110
In base 11, what is -1 - -981?
980
In base 9, what is 12 - -455?
467
In base 9, what is 1 + -1527?
-1526
In base 5, what is -21121 - -4?
-21112
In base 2, what is 1111000000 + -1?
1110111111
In base 5, what is 10 + -3223?
-3213
In base 14, what is 6c + -1?
6b
In base 12, what is 9 + 271?
27a
In base 11, what is -28 - 15?
-42
In base 10, what is 5 + -27?
-22
In base 9, what is -214 - 5?
-220
In base 7, what is -26 + -15?
-44
In base 12, what is -5 - -1139?
1134
In base 6, what is -201 + -122?
-323
In base 5, what is -12 - 1324?
-1341
In base 3, what is -210200 - 0?
-210200
In base 6, what is 2523 - 0?
2523
In base 14, what is 10 - -b?
1b
In base 3, what is -2 - 20221?
-21000
In base 5, what is 4 + -300?
-241
In base 7, what is -1 - 3?
-4
In base 10, what is -10 - 164?
-174
In base 12, what is -22 + 68?
46
In base 14, what is 7 + 8?
11
In base 5, what is 1 - 341?
-340
In base 9, what is 0 + -240?
-240
In base 8, what is 1300 - -6?
1306
In base 14, what is -4 + -10